?
4
Let z = 9 - -23. What is the units digit of z/(-12)*66/(-8)?
2
Let j = -5 + -20. Suppose -477 = -7*d - 806. Let x = j - d. What is the units digit of x?
2
Suppose -3*n = 3*z - 7*z - 535, 2*n + 3*z = 351. What is the tens digit of n?
7
Let c(r) be the first derivative of -7 - 3/2*r**2 - 11*r. What is the tens digit of c(-9)?
1
Let l = -9 - -8. Let k be 4 - l/(2/6). Suppose o + 5*a - 28 = 0, -o - 2*a = -k - 18. What is the tens digit of o?
2
Let i be 3 - 20*2/4. Let z = i - -12. Suppose -1 = z*y - 26. What is the units digit of y?
5
Suppose z - 10 = 6. Suppose y + 1 = -2*w, -w + 5*y = -0*w - z. Suppose 0 = -2*m + 43 - w. What is the units digit of m?
1
Suppose -2*y - 410 = -r, 0*r - 1632 = -4*r + 4*y. What is the units digit of r?
6
What is the tens digit of 811/((-6)/(-4) - (-7)/(-14))?
1
Let v(g) = -g**2 + g - 1. Let r(l) = -4*l**2 + 12*l + 3. Let q(c) = r(c) - 3*v(c). Let y be q(10). What is the units digit of (-8)/y*1 + 5?
7
Let o = -276 - -442. What is the units digit of o?
6
Suppose -24 = -2*w + 4*x, -3*w + 44 = -0*w - 4*x. Let i = w + 59. What is the units digit of i?
9
Suppose 4 + 16 = 5*r. Suppose -t + 2 = 2*z, 10 = 3*t - r*z + 4. Suppose t*x - 32 = -2*n + 3*x, 16 = 4*x. What is the units digit of n?
8
Suppose z + 1 = 2*x, 5*z = 4*x + 2*z - 7. Let v be (0/x)/(1 + 0). Suppose v*j = 3*j - 9. What is the units digit of j?
3
Let g = 1607 + -912. Suppose -4*h + h = 2*m - 293, -5*m + g = -5*h. What is the hundreds digit of m?
1
Suppose -1 + 5 = 2*m. Suppose -140 = -5*n + 4*j, -m*n + 28 = -5*j - 28. Suppose -2*v + 4 = -n. What is the units digit of v?
6
Let f = -44 + 0. Let g = 111 + f. What is the units digit of g?
7
Let s(r) be the first derivative of r**3/3 + r**2/2 - 14*r - 13. What is the tens digit of s(-8)?
4
Let n(d) be the third derivative of -d**4/24 + 4*d**3 + 6*d**2. What is the tens digit of n(-15)?
3
What is the tens digit of (200/(-6) - 1)*-21?
2
Let t(w) = -14*w + 12. Let p be t(4). Let a = 77 + p. What is the units digit of a?
3
What is the units digit of (-21021)/(-126) + (-1)/(-6)?
7
Let h = 1 - -2. Suppose -13*a + 198 = -556. Suppose 0 = -c + h*u + 11 + 23, a = 3*c + 2*u. What is the units digit of c?
2
Suppose -4*g = -o + 1044, -o + 1108 = 2*g + 34. What is the thousands digit of o?
1
Suppose -5*a - 17 = -4*c - 5, -c = -5*a - 18. What is the units digit of ((-4321)/58)/(1 + 3/c)?
9
Let u be (-18)/4*192/18. Let t = 19 - u. What is the tens digit of t?
6
Suppose 4*v + 5*w - 31 = 0, 2*w = v + 6*w - 16. Suppose -12 = -0*j - v*j. What is the units digit of j?
3
Suppose 0 = 19*o - 23*o - 5*a + 893, 1107 = 5*o - 3*a. What is the units digit of o?
2
Let r = 11 + -7. Suppose -r*b + 3*b - c = -3, -7 = -3*b - c. Suppose -3*p + 32 = -b*p. What is the tens digit of p?
3
Let d(c) = -c. Let a be d(4). Let j = -2 - a. Suppose 3*k + j = 5*k. What is the units digit of k?
1
What is the tens digit of 6/(-3) + -3 + 199?
9
Let p(u) = u**2 - 2. Let j(h) = -h**3 - 5*h**2 - 3*h. Suppose -5*k - 24 = -4. Let b be j(k). What is the tens digit of p(b)?
1
Suppose 0 = -4*i - 5*o + 968, -576 - 416 = -4*i + o. Let k = 370 - i. What is the tens digit of k?
2
Let l(s) be the third derivative of s**5/30 + 2*s**4/3 + 13*s**3/6 + 14*s**2. What is the units digit of l(-9)?
1
Suppose 2*h + 0*h = 8. Let q be (1/(-1))/(h/12). What is the units digit of (q + 2)/(1/(-3))?
3
Let r(d) = -2*d + 11. Let i be r(8). Let v be (-6)/(-10) - (-278)/i. Let u = -31 - v. What is the units digit of u?
4
Suppose 5*c - 3*r - 1 = 33, -3*r = -3*c + 24. Suppose 11*v = c*v + 474. What is the tens digit of v?
7
Let r(n) be the second derivative of 25*n**3/6 + 14*n**2 - 14*n + 2. What is the tens digit of r(8)?
2
Let h(s) be the third derivative of s**4/24 + 91*s**3/6 + 17*s**2. What is the units digit of h(0)?
1
Suppose d + 8*n - 6*n = 1249, -5*n = -5*d + 6215. What is the units digit of d?
5
Suppose 234 + 446 = 8*p. What is the units digit of p?
5
Let k = 30 + -37. Let b be ((-14)/3)/k*15. What is the tens digit of ((-34)/(-4))/(b/20)?
1
Let i = -12 + 19. Let y(z) = -z**2 - 7*z + 2. Let p be y(-7). Suppose -2*r - 2*c + i = -11, -21 = -r + p*c. What is the units digit of r?
3
Suppose y - 225 = -5*g, y = -2*g + 191 + 46. Let r = -165 + y. What is the tens digit of r?
8
Suppose 6*i - 19 = 23. Suppose i*a + 152 = 9*a. What is the units digit of a?
6
Suppose 60*c - 68*c = -792. What is the tens digit of c?
9
Suppose 98*v - 18 = 100*v. What is the units digit of 4/18 - 2419/v?
9
Let p = -1183 - -1854. What is the hundreds digit of p?
6
Let s = 2940 - 1690. What is the tens digit of s?
5
Suppose 2*b + 5*w = b + 191, 3*b = -2*w + 547. What is the tens digit of b?
8
Suppose -4*d + 3 + 2 = -r, -3 = -3*r + 3*d. Suppose 205 = -3*l + 8*l. Let x = l - r. What is the tens digit of x?
3
Suppose -s + 4*s - 378 = 0. Let t = s - 66. What is the tens digit of t?
6
Let m(n) = 2*n**2 + 8*n - 8. Let g be m(-7). Let d(f) = 13*f + g*f**2 + 7*f - 20*f. What is the units digit of d(-1)?
4
Let g be (4 + (-6 - -3))*2. Let a(p) = -6*p - 17 + 2*p**2 + 7*p + 0*p**g + 3*p. What is the tens digit of a(-7)?
5
Let g(z) = z**2 - z - 3. Let s be g(3). Let d be (14/s)/((-4)/12). What is the tens digit of d/28*(-108 - 0)?
5
Suppose 7*q - 33 = 9. Suppose -q*j + 2*j = -52. What is the tens digit of j?
1
Let h be 3 - 2/(-2)*-3. Suppose h = t + 3, 5*t + 72 - 20 = x. What is the tens digit of x?
3
Let p = -67 - -70. Suppose 4*a - 259 = -p*k, -54 = -a - 4*k + 14. What is the tens digit of a?
6
Let s(u) = 16*u**3 + 4*u**2 + 4. Let v(f) = -15*f**3 - 5*f**2 - 4. Let r(x) = 6*s(x) + 5*v(x). What is the units digit of r(2)?
8
Let w = 4242 - 2841. What is the thousands digit of w?
1
Let z = 547 + 229. What is the units digit of z?
6
Let s(l) = -60*l**3 - 3*l**2 - l + 3. What is the hundreds digit of s(-2)?
4
What is the tens digit of (-7 + 4 + 8)*(-209)/(-5)?
0
Let n(g) = g - 10. Let o(k) = -3*k + 21. Let w(q) = 7*n(q) + 3*o(q). Let a be w(-6). Suppose i - 43 = -3*c, a*c - 2*c - 73 = 5*i. What is the units digit of c?
6
Let x be 2/(-4 + 148/36). Suppose 12*n - 15*n + x = 0. What is the tens digit of -18*(2 - n) + -4?
6
Suppose 0 = -17*r + 32 + 2. Suppose 0 = -2*n - 5*s + 419, -5 = -3*s + r*s. What is the tens digit of n?
9
Let h be (8/(-16))/((-2)/4). Let c be ((-3)/(-6))/(h/4). Suppose 40 = 5*t + 2*u, -c*t + u + 4*u = -45. What is the tens digit of t?
1
Suppose 5 + 27 = 4*i. Let s(r) = -r**3 + 2*r**2 + 8*r + 2. Let l be s(4). Suppose -4*q - 3*a + 10 = -a, 5*q - l*a - i = 0. What is the units digit of q?
2
Let f(g) = -g + 2. Let c be f(-2). Let r(y) = 5 + y + 3*y - c*y + y**2 - 2*y. What is the units digit of r(5)?
0
What is the hundreds digit of ((-33994)/(-69))/((-2)/(-3))?
7
Suppose 7*o - 42 = 21. Suppose 0 = 2*s + 3*f - o, -49 = -2*s - 0*f + 5*f. Let w(x) = -x**2 + 18*x - 17. What is the units digit of w(s)?
5
Suppose -3*z + 34 = -5*z. Let h be (-1)/(-6) + z/(-6). Suppose -103 + 7 = -h*u. What is the tens digit of u?
3
Let n be (-15 + 1)*5/((-25)/(-10)). Let w = n + 33. What is the units digit of w?
5
Suppose -4*i = -7 - 5. Suppose i*t + 7 - 1 = 0. What is the units digit of (6 - 10) + (3 - t)?
1
What is the tens digit of 13*13 - (40 + -44)?
7
Let t(k) = -148*k - 104. What is the hundreds digit of t(-8)?
0
Let l(z) = 298*z**2 + 0*z - 294*z**2 - 34*z + 31. What is the units digit of l(13)?
5
Let s(m) = -26*m - 1. Let f(j) = j**3 - 17*j**2 - 19*j + 12. Let r be f(18). What is the hundreds digit of s(r)?
1
Let w be 1/3 + 119/21. Let k(v) = -v**2 - 2 - 8 + 14*v + 11. What is the units digit of k(w)?
9
Suppose 4*g + 3*s + 5 = -1, 2*s + 11 = -5*g. What is the units digit of (0 - g)/(-3)*-51?
1
Let j(x) = -3*x**2 - x + 5. Let z(g) = -2*g**2 + 5. Let q(s) = -3*j(s) + 4*z(s). What is the units digit of q(-2)?
3
Let n(f) = 5*f - 11. Let s be n(3). Suppose s*b + a = 855, 3*b = b - a + 427. What is the tens digit of b?
1
Suppose -31*m + 3836 = -3*m. What is the units digit of m?
7
Let y(d) = -2*d**2 - 62*d + 7. What is the units digit of y(-25)?
7
Suppose 3*a + 39 = -3. Let o = 10 + a. What is the units digit of o/(-20)*42*5?
2
What is the hundreds digit of (-15464)/(-16) + (-6)/(-4)?
9
Let p(x) = 4*x**3 - 3*x - 1. Let g be p(-2). Let q = g + 30. Suppose -172 = -u - q*u. What is the tens digit of u?
4
Let s = 54 + -36. What is the uni